{"id":165,"date":"2026-02-08T17:04:06","date_gmt":"2026-02-08T17:04:06","guid":{"rendered":"https:\/\/collab2026.us.edu.pl\/?page_id=165"},"modified":"2026-02-10T11:32:24","modified_gmt":"2026-02-10T11:32:24","slug":"appel-a-communications","status":"publish","type":"page","link":"https:\/\/collab2026.us.edu.pl\/index.php\/appel-a-communications\/","title":{"rendered":"Appel \u00e0 communications"},"content":{"rendered":"\n<div class=\"wp-block-group is-layout-grid wp-container-core-group-is-layout-478b6e6b wp-block-group-is-layout-grid\">\n<p><a href=\"#argumentaire\" data-type=\"internal\" data-id=\"#argumentaire\">Argumentaire<\/a><\/p>\n\n\n\n<p><a href=\"#Langues-du-colloque\" data-type=\"internal\" data-id=\"#Langues-du-colloque\">Langues du colloque<\/a><\/p>\n\n\n\n<p><a href=\"#Soumission-des-propositions-de-communication\" data-type=\"internal\" data-id=\"#Soumission-des-propositions-de-communication\">Soumission des propositions de communication<\/a><\/p>\n\n\n\n<p><a href=\"#Modalit\u00e9s-des-communications\" data-type=\"internal\" data-id=\"#Modalit\u00e9s-des-communications\">Modalit\u00e9s des communications<\/a><\/p>\n\n\n\n<p><a href=\"#Frais-de-participation\" data-type=\"internal\" data-id=\"#Frais-de-participation\">Frais de participation<\/a><\/p>\n\n\n\n<p><a href=\"#Publication\" data-type=\"internal\" data-id=\"#Publication\">Publication<\/a><\/p>\n\n\n\n<p><a href=\"#Calendrier-du-colloque\" data-type=\"internal\" data-id=\"#Calendrier-du-colloque\">Calendrier du colloque<\/a><\/p>\n\n\n\n<p><a href=\"#Lieu-du-colloque\" data-type=\"internal\" data-id=\"#Lieu-du-colloque\">Lieu du colloque<\/a><\/p>\n\n\n\n<p><a href=\"#Comit\u00e9-scientifique\" data-type=\"internal\" data-id=\"#Comit\u00e9-scientifique\">Comit\u00e9 scientifique<\/a><\/p>\n\n\n\n<p><a href=\"#Comit\u00e9-d\u2019organisation\" data-type=\"internal\" data-id=\"#Comit\u00e9-d\u2019organisation\">Comit\u00e9 d\u2019organisation<\/a><\/p>\n\n\n\n<p><a href=\"#Contact-\" data-type=\"internal\" data-id=\"#Contact-\">Contact<\/a><\/p>\n<\/div>\n\n\n\n<p class=\"has-text-align-center\">***<\/p>\n\n\n\n<p><\/p>\n\n\n\n<p class=\"has-text-align-center\" id=\"argumentaire\"><em>L&#8217;Acad\u00e9mie polonaise des sciences centre scientifique \u00e0 Paris<\/em><br><em>et l\u2019Institut de Linguistique de l\u2019Universit\u00e9 de Sil\u00e9sie \u00e0 Katowice <\/em><br><em>ont le plaisir de vous inviter au colloque :<\/em><\/p>\n\n\n\n<p class=\"has-text-align-center has-medium-font-size\"><strong>EN COLLABORATION SUR LA COOP\u00c9RATION <\/strong>: <br><strong>RECHERCHES<\/strong> <strong>EN SCIENCES DU LANGAGE DANS LES \u00c9QUIPES FRANCO-POLONAISES<\/strong><\/p>\n\n\n\n<p class=\"has-text-align-center\"><strong>9\u201310 juillet 2026<br>Centre scientifique de l\u2019Acad\u00e9mie polonaise des sciences<br>74 Rue Lauriston, 75116 Paris, France<\/strong><\/p>\n\n\n\n<p>La recherche scientifique contemporaine repose de plus en plus sur la collaboration internationale. Il ne s\u2019agit pas d\u2019un simple effet de mode, mais d\u2019une r\u00e9ponse aux d\u00e9fis complexes et transfrontaliers auxquels la recherche est confront\u00e9e. La coop\u00e9ration internationale am\u00e9liore la qualit\u00e9 des travaux, favorise la circulation des m\u00e9thodes et permet de mettre en oeuvre des projets d\u2019une ampleur et d\u2019un impact difficilement envisageables \u00e0 l\u2019\u00e9chelon national. Les sciences du langage ne font pas exception. Tourn\u00e9es vers l\u2019\u00e9tude de la langue, elles appellent naturellement des collaborations transfrontali\u00e8res : les recherches sur une langue d\u00e9passent souvent les fronti\u00e8res d\u2019un pays et s\u2019enrichissent des apports de centres \u00e9trangers.<\/p>\n\n\n\n<p>Dynamique et multiforme, la coop\u00e9ration franco-polonaise s\u2019exprime dans plusieurs sous-domaines des sciences du langage : \u00e9tudes contrastives, lexicographie et lexicologie, didactique du fran\u00e7ais langue \u00e9trang\u00e8re, acquisition des langues et bilinguisme. Cette collaboration concerne non seulement les publications collectives et les projets financ\u00e9s gr\u00e2ce \u00e0 des concours nationaux et internationaux, mais \u00e9galement l\u2019enseignement, notamment \u00e0 travers les mobilit\u00e9s Erasmus+ et la formation doctorale en cotutelle.<\/p>\n\n\n\n<p>Le colloque propos\u00e9 constituera une premi\u00e8re rencontre enti\u00e8rement consacr\u00e9e \u00e0 la coop\u00e9ration franco-polonaise dans le domaine des sciences du langage et offrira l\u2019occasion de pr\u00e9senter divers projets collaboratifs, de mettre en valeur les r\u00e9sultats obtenus au sein d\u2019\u00e9quipes mixtes, d\u2019\u00e9changer sur les enjeux et les tendances actuels, de renforcer les liens existants et de favoriser l\u2019\u00e9mergence de nouvelles collaborations. Les axes th\u00e9matiques propos\u00e9s ci-dessous sont ouverts et ne pr\u00e9tendent pas \u00e9puiser la probl\u00e9matique abord\u00e9e :<\/p>\n\n\n\n<p>1. <strong>La collaboration scientifique comme objet de recherche<\/strong><br>Le premier axe concerne la coop\u00e9ration scientifique entendue comme un objet de recherche en soi. Il inclut l\u2019\u00e9tude des formes, des modalit\u00e9s et de la dynamique de la coop\u00e9ration en linguistique, en particulier au sein des \u00e9quipes franco-polonaises. Dans cet axe, on peut inclure la question des pratiques de publication en collaboration ainsi que l\u2019interdisciplinarit\u00e9, qui peut caract\u00e9riser les projets de recherche men\u00e9s en \u00e9quipe.<\/p>\n\n\n\n<p>2. <strong>La collaboration internationale : m\u00e9canismes institutionnels, financement, mobilit\u00e9, institutions de recherche et r\u00e9seaux scientifiques<\/strong><br>Ce deuxi\u00e8me axe s\u2019inscrit dans une r\u00e9flexion sur les institutions et les structures de la collaboration internationale en sciences du langage. Il y est propos\u00e9 d\u2019analyser les cadres institutionnels de la coop\u00e9ration scientifique, les m\u00e9canismes de financement et de soutien \u00e0 la recherche (mobilit\u00e9, bourses, co-direction de th\u00e8ses, etc.), ainsi que les politiques d\u2019internationalisation de la recherche et de l\u2019enseignement sup\u00e9rieur. Une attention particuli\u00e8re pourra \u00eatre accord\u00e9e au r\u00f4le des universit\u00e9s, des instituts de recherche et des r\u00e9seaux scientifiques, ainsi qu\u2019aux m\u00e9canismes d\u2019accompagnement des jeunes chercheurs engag\u00e9s dans des projets internationaux.<\/p>\n\n\n\n<p>3. <strong>Les sciences du langage face aux enjeux contemporains<\/strong><br>Ce troisi\u00e8me axe appelle \u00e0 une r\u00e9flexion sur la place et le r\u00f4le des sciences du langage face aux enjeux contemporains, en lien avec les pratiques collaboratives. Les questions abord\u00e9es pourront \u00eatre li\u00e9es aux humanit\u00e9s num\u00e9riques et aux outils collaboratifs, \u00e0 la circulation des donn\u00e9es, des m\u00e9thodes et des savoirs, ainsi qu\u2019\u00e0 l\u2019impact soci\u00e9tal des recherches en sciences du langage. L\u2019usage de l\u2019intelligence artificielle et d\u2019autres pratiques relevant du domaine de l\u2019\u00e9thique de la recherche collaborative (le <em>ghostwriting<\/em>, par exemple) constituent \u00e9galement un champ de r\u00e9flexion privil\u00e9gi\u00e9. Les communications portant sur l\u2019usage d\u2019un langage inclusif dans la recherche et le discours acad\u00e9mique, ainsi que sur l\u2019inclusivit\u00e9 dans la recherche au sens large, sont \u00e9galement les bienvenues.<\/p>\n\n\n\n<p>4. <strong>La diffusion et la valorisation des r\u00e9sultats de la recherche<\/strong><br>Ce quatri\u00e8me axe adopte une perspective \u00e0 la fois pratique et empirique. Il est consacr\u00e9 \u00e0 la pr\u00e9sentation de recherches men\u00e9es dans le cadre d\u2019un partenariat franco-polonais. Il invite notamment les \u00e9quipes internationales \u00e0 pr\u00e9senter des projets en cours ou achev\u00e9s, ainsi que des r\u00e9sultats de travaux collectifs. Une dimension r\u00e9flexive est \u00e9galement attendue : une attention particuli\u00e8re pourra \u00eatre accord\u00e9e aux modalit\u00e9s de diffusion, \u00e0 l\u2019accessibilit\u00e9 et \u00e0 la valorisation des r\u00e9sultats, aux strat\u00e9gies de publication, ainsi qu\u2019aux choix de la langue des travaux scientifiques et des revues o\u00f9 ils sont publi\u00e9s. La question de la visibilit\u00e9 du chercheur pourra \u00e9galement \u00eatre abord\u00e9e dans ces r\u00e9flexions.<\/p>\n\n\n\n<p>5. <strong>Le fran\u00e7ais et le polonais dans une perspective contrastive et dans le cadre de la communication interculturelle<\/strong><br>Ce cinqui\u00e8me axe th\u00e9matique est consacr\u00e9 aux recherches contrastives portant sur les langues fran\u00e7aise et polonaise. Les communications porteront sur diff\u00e9rentes sous-disciplines des sciences du langage, telles que la lexicologie, la syntaxe, la s\u00e9mantique, la pragmatique, l\u2019analyse du discours, ou encore, la linguistique appliqu\u00e9e, et se concentreront sur la description et l\u2019analyse des diff\u00e9rences et des similitudes entre ces deux langues. Cet axe accueillera \u00e9galement des contributions int\u00e9grant une dimension culturelle et interculturelle, notamment en lien avec le discours, la conceptualisation des significations, les normes communicationnelles ainsi que les d\u00e9terminants socioculturels du fonctionnement du fran\u00e7ais et du polonais. Les communications propos\u00e9es pourront traiter de recherches men\u00e9es en \u00e9quipe ou de travaux individuels, dans la perspective de leur \u00e9ventuelle poursuite future au sein de projets collectifs.<\/p>\n\n\n\n<p>6. <strong>Le fran\u00e7ais et le polonais dans une perspective traductologique et didactique<\/strong><br>Ce sixi\u00e8me axe th\u00e9matique est ouvert aux recherches relevant de la traductologie et de la didactique des langues \u00e9trang\u00e8res, avec une attention particuli\u00e8re port\u00e9e \u00e0 la paire de langues fran\u00e7ais-polonais. Il accueillera des r\u00e9flexions sur les analyses linguistiques du processus de traduction et les techniques de traduction \u00e9crite, orale ou audiovisuelle. Il inclura \u00e9galement les probl\u00e9matiques li\u00e9es \u00e0 l\u2019enseignement du fran\u00e7ais et du polonais comme langues \u00e9trang\u00e8res, ainsi qu\u2019\u00e0 l\u2019utilisation des outils num\u00e9riques et des nouvelles technologies dans le domaine de la didactique. Il est \u00e9galement ouvert aux communications rendant compte de travaux collectifs ou de recherches individuelles, susceptibles de constituer un point de d\u00e9part pour de futures collaborations scientifiques.<\/p>\n\n\n\n<figure class=\"wp-block-gallery has-nested-images columns-default is-cropped wp-block-gallery-1 is-layout-flex wp-block-gallery-is-layout-flex\">\n<figure class=\"wp-block-image size-full\"><img loading=\"lazy\" decoding=\"async\" width=\"1808\" height=\"2560\" data-id=\"111\" src=\"https:\/\/collab2026.us.edu.pl\/wp-content\/uploads\/2026\/02\/plakat03-scaled.png\" alt=\"\" class=\"wp-image-111\" srcset=\"https:\/\/collab2026.us.edu.pl\/wp-content\/uploads\/2026\/02\/plakat03-scaled.png 1808w, https:\/\/collab2026.us.edu.pl\/wp-content\/uploads\/2026\/02\/plakat03-212x300.png 212w, https:\/\/collab2026.us.edu.pl\/wp-content\/uploads\/2026\/02\/plakat03-723x1024.png 723w, https:\/\/collab2026.us.edu.pl\/wp-content\/uploads\/2026\/02\/plakat03-768x1087.png 768w, https:\/\/collab2026.us.edu.pl\/wp-content\/uploads\/2026\/02\/plakat03-1085x1536.png 1085w, https:\/\/collab2026.us.edu.pl\/wp-content\/uploads\/2026\/02\/plakat03-1447x2048.png 1447w\" sizes=\"auto, (max-width: 1808px) 100vw, 1808px\" \/><\/figure>\n<\/figure>\n\n\n\n<p><\/p>\n\n\n\n<p id=\"Langues-du-colloque\"><strong>Langues du colloque<\/strong><br>polonais, fran\u00e7ais, anglais<\/p>\n\n\n\n<p id=\"Soumission-des-propositions-de-communication\"><strong>Soumission des propositions de communication<\/strong><br>Les propositions de communication doivent \u00eatre envoy\u00e9es au plus tard le <strong>10 mai 2026<\/strong> \u00e0 l\u2019adresse : <span style=\"text-decoration: underline;\">collabfrpl@us.edu.pl<\/span>, en remplissant le formulaire au format DOCX, disponible ci-dessous.<\/p>\n\n\n\n<p>Les propositions de communication seront \u00e9valu\u00e9es au fur et \u00e0 mesure de leur r\u00e9ception, et les d\u00e9cisions d\u2019acceptation ou de refus seront communiqu\u00e9es dans un d\u00e9lai de deux semaines \u00e0 compter de la date de r\u00e9ception.<\/p>\n\n\n\n<div class=\"wp-block-file aligncenter\"><a id=\"wp-block-file--media-49e2cbef-37a9-4057-8b02-0bd20d6f0b5e\" href=\"https:\/\/collab2026.us.edu.pl\/wp-content\/uploads\/2026\/02\/formulaire_FR-1.docx\">Formulaire<\/a><a href=\"https:\/\/collab2026.us.edu.pl\/wp-content\/uploads\/2026\/02\/formulaire_FR-1.docx\" class=\"wp-block-file__button wp-element-button\" download aria-describedby=\"wp-block-file--media-49e2cbef-37a9-4057-8b02-0bd20d6f0b5e\">T\u00e9l\u00e9charger<\/a><\/div>\n\n\n\n<p id=\"Modalit\u00e9s-des-communications\"><strong>Modalit\u00e9s des communications<\/strong><br>La dur\u00e9e pr\u00e9vue des interventions est de 20 minutes, suivies de 10 minutes de discussion.<\/p>\n\n\n\n<p id=\"Frais-de-participation\"><strong>Frais de participation<\/strong><br>Les frais d\u2019inscription s\u2019\u00e9l\u00e8vent \u00e0 150 euros et comprennent la participation au colloque, les documents du colloque et les rafra\u00eechissements. Les informations concernant le paiement seront communiqu\u00e9es dans le message d\u2019acceptation de la proposition.<\/p>\n\n\n\n<p id=\"Publication\"><strong>Publication<\/strong><br>Les actes du colloque seront publi\u00e9s en anglais par une maison d\u2019\u00e9dition reconnue.<br>La date limite de soumission des textes pour publication est fix\u00e9e au 31 octobre 2026. Les contributions seront soumises \u00e0 une \u00e9valuation en double anonymat.<br>La publication des actes du colloque est pr\u00e9vue pour 2027.<\/p>\n\n\n\n<p id=\"Calendrier-du-colloque\"><strong>Calendrier du colloque<\/strong><br>Date limite de soumission des communications : le 10 mai 2026<br>Acceptation de la soumission : dans les deux semaines suivant la soumission<br>Date limite de paiement des frais de participation : le 10 juin 2026<br>Colloque : les 9 et 10 juillet 2026<br>Date limite de soumission des textes pour les actes du colloque : le 31 octobre 2026.<\/p>\n\n\n\n<p id=\"Lieu-du-colloque\"><strong>Lieu du colloque <\/strong><br>Acad\u00e9mie polonaise des sciences centre scientifique \u00e0 Paris<br>74 Rue Lauriston, 75116 Paris, France<\/p>\n\n\n\n<p id=\"Comit\u00e9-scientifique\"><strong>Comit\u00e9 scientifique<\/strong><br>Lucie Gournay, Universit\u00e9 Paris-Est Cr\u00e9teil \u2014 Pr\u00e9sidente du Comit\u00e9 scientifique<br>Wies\u0142aw Bany\u015b, Uniwersytet \u015al\u0105ski w Katowicach<br>Bo\u017cena Billerey, Institut Catholique de Toulouse<br>Lian Chen, Universit\u00e9 d\u2019Orl\u00e9ans\/ Institut National des Langues et Civilisations Orientales<br>Magdalena Da\u0144ko, Uniwersytet Opolski<br>Gilles Quentel, Uniwersytet Gda\u0144ski<br>Dylan Glynn, Uniwersytet im. Adama Mickiewicza w Poznaniu\/ Universit\u00e9 Paris 8<br>Pawe\u0142 Golda, Uniwersytet \u015al\u0105ski w Katowicach<br>Francis Grossmann, Universit\u00e9 Grenoble Alpes<br>Beata Jezierska, Uniwersytet im. Adama Mickiewicza w Poznaniu<br>Svetlana Krylosova, Institut National des Langues et Civilisations Orientales<br>Anna Krzy\u017canowska, Uniwersytet Marii Curie-Sk\u0142odowskiej w Lublinie<br>Katarzyna Kwapisz-Osadnik, Uniwersytet \u015al\u0105ski w Katowicach<br>Andrzej \u0141yda, Uniwersytet \u015al\u0105ski w Katowicach<br>Fabrice Marsac, Universit\u00e9 de Strasbourg<br>Salah Mejri, Universit\u00e9 Sorbonne Paris Nord<br>Judyta M\u0119\u017cyk, Uniwersytet \u015al\u0105ski w Katowicach<br>Lidia Miladi, Universit\u00e9 Grenoble Alpes<br>Joanna Ryszka, Uniwersytet \u015al\u0105ski w Katowicach<br>Monika Su\u0142kowska, Uniwersytet \u015al\u0105ski w Katowicach<br>Cecylia Tatoj, Uniwersytet \u015al\u0105ski w Katowicach<br>Andr\u00e9 W\u0142odarczyk, Universit\u00e9 Charles-de-Gaulle Lille 3<br>H\u00e9l\u00e8ne W\u0142odarczyk, Universit\u00e9 Paris Sorbonne<br>Lichao Zhu, Universit\u00e9 Paris Cit\u00e9<\/p>\n\n\n\n<p id=\"Comit\u00e9-d\u2019organisation\"><strong>Comit\u00e9 d\u2019organisation<\/strong><br>Pawe\u0142 Golda, Uniwersytet \u015al\u0105ski w Katowicach<br>Judyta M\u0119\u017cyk, Uniwersytet \u015al\u0105ski w Katowicach<\/p>\n\n\n\n<p id=\"Contact-\"><strong>Contact<\/strong> : collabfrpl@us.edu.pl<\/p>\n","protected":false},"excerpt":{"rendered":"<p>Argumentaire Langues du colloque Soumission des propositions de communication Modalit\u00e9s des communications Frais de participation Publication Calendrier du colloque Lieu du colloque Comit\u00e9 scientifique Comit\u00e9 d\u2019organisation Contact *** L&#8217;Acad\u00e9mie polonaise des sciences centre scientifique \u00e0 Pariset l\u2019Institut de Linguistique de l\u2019Universit\u00e9 de Sil\u00e9sie \u00e0 Katowice ont le plaisir de vous inviter au colloque : EN [&hellip;]<\/p>\n","protected":false},"author":1,"featured_media":0,"parent":0,"menu_order":0,"comment_status":"closed","ping_status":"closed","template":"","meta":{"footnotes":""},"class_list":["post-165","page","type-page","status-publish","hentry"],"_links":{"self":[{"href":"https:\/\/collab2026.us.edu.pl\/index.php\/wp-json\/wp\/v2\/pages\/165","targetHints":{"allow":["GET"]}}],"collection":[{"href":"https:\/\/collab2026.us.edu.pl\/index.php\/wp-json\/wp\/v2\/pages"}],"about":[{"href":"https:\/\/collab2026.us.edu.pl\/index.php\/wp-json\/wp\/v2\/types\/page"}],"author":[{"embeddable":true,"href":"https:\/\/collab2026.us.edu.pl\/index.php\/wp-json\/wp\/v2\/users\/1"}],"replies":[{"embeddable":true,"href":"https:\/\/collab2026.us.edu.pl\/index.php\/wp-json\/wp\/v2\/comments?post=165"}],"version-history":[{"count":18,"href":"https:\/\/collab2026.us.edu.pl\/index.php\/wp-json\/wp\/v2\/pages\/165\/revisions"}],"predecessor-version":[{"id":233,"href":"https:\/\/collab2026.us.edu.pl\/index.php\/wp-json\/wp\/v2\/pages\/165\/revisions\/233"}],"wp:attachment":[{"href":"https:\/\/collab2026.us.edu.pl\/index.php\/wp-json\/wp\/v2\/media?parent=165"}],"curies":[{"name":"wp","href":"https:\/\/api.w.org\/{rel}","templated":true}]}}